s digit of 8 + 130/(-16) - 34833/(-8)?
4
Let h(d) = -2*d**2 - 20*d - 13. Let z be h(-9). What is the units digit of (-4)/8 - ((-2194)/4 + z)?
3
Suppose 30*b = 34*b. Suppose 0 = -a - 3*l - 176 + 474, b = 5*a + 2*l - 1516. What is the tens digit of a?
0
Let o = -9907 + 9990. Let l be 1 + -1 + 41*-2. Let x = o - l. What is the hundreds digit of x?
1
Suppose 22*w - 40 = 20*w. Suppose w*r + 2*x - 811 = 15*r, -r = 2*x - 159. What is the units digit of r?
3
Let w = 125 + 42531. What is the ten thousands digit of w?
4
Let h(t) = -3*t**2 - 92*t - 23. Let w be h(-26). Let a = 1282 - w. What is the hundreds digit of a?
9
Suppose -5*g + 23660 = 2*r, 3*r - 57874 + 22447 = 3*g. What is the tens digit of r?
1
Suppose -31925 - 81403 = -5*w - 7*w. What is the thousands digit of w?
9
Let w be 2/(-1)*(-8 + 1). Suppose 3*y - 49 = w. Suppose 16*s = y*s - 5. What is the units digit of s?
1
Let f = 822 + 628. What is the hundreds digit of f?
4
Let a = 58663 + 2497. What is the tens digit of a?
6
Let z(c) = -2*c**3 - 2*c**2 - c + 1. Let j be (-1001)/14 + (-2)/(-4). Let l = 67 + j. What is the hundreds digit of z(l)?
1
Let t(h) = -h**3 - 6*h**2 - 2*h + 4. Let a be t(-6). Suppose 15*i - a*i + 569 = 0. What is the hundreds digit of i?
5
Suppose 0 = m - 65 - 66. Let x = 223 - m. Let f = x - 45. What is the tens digit of f?
4
What is the thousands digit of -5*27/((-5670)/(-28)) + 70268/3?
3
Suppose a - 3754 = 64450. Suppose -45*q + a = 5069. What is the thousands digit of q?
1
Suppose 0 = -3*r + 3*z + 48702, -1595*r - z = -1594*r - 16230. What is the units digit of r?
2
Let w(t) = t**3 - 12*t**2 + 3. Let r be w(12). Suppose -5*j + r*x = -500, -8*x = -5*j - 6*x + 505. What is the units digit of j?
3
Suppose -2*f - 1327 - 174093 = -4*o, 4*o - 175404 = -2*f. What is the hundreds digit of o?
8
Let f(k) = k**3 + 19*k**2 - 2*k - 29. Let o be f(-19). Suppose 0 = -o*i - 20 - 7. What is the units digit of 34/4 + -1 + i/(-6)?
8
Let x(w) = -w**3 + 2*w**2 + 8*w - 12. Let y be x(3). Suppose 0 = 14*p - y*p + 77. Let v(d) = -15*d + 10. What is the units digit of v(p)?
5
Let f be 9 + (-42)/7 - -1. Suppose i + 9 - 14 = 0, f*t = -2*i + 1782. What is the tens digit of t?
4
Let a = 22548 - -10578. What is the hundreds digit of a?
1
Suppose -r - 4*v - 2 = 0, 5*v + 4 = -r + 1. Let k be -549*2/(-6)*(r - 1). Suppose -4*w = 47 - k. What is the units digit of w?
4
Let x(m) = 3*m**2 + 2*m + 20. Let r be x(-5). What is the units digit of 34/r - (-86)/10?
9
Let c(s) = -12*s**3 + s**2 + s - 3. Let w be c(1). Let r(i) = -13*i - 80. What is the tens digit of r(w)?
8
Let s(j) = 25 - 15 - 6 - 15 + 212*j - 53*j. What is the units digit of s(7)?
2
Suppose 2*k - 3*u = 81, 0*u = 3*k - u - 118. Let s(m) = m - 8. Let p be s(6). Let i = p + k. What is the tens digit of i?
3
Let c = -10321 + 14485. What is the thousands digit of c?
4
Let h = 9 + -17. Let a(t) = t**2 + 8*t. Let z be a(h). Suppose 257 = 3*j - z*j - 2*o, -2*o = 2*j - 158. What is the tens digit of j?
8
Let h(i) = 431*i - 1782. What is the tens digit of h(32)?
1
Suppose -42*q + 63849 = 20799. What is the units digit of q?
5
Let l be (3 + (-215)/15)*-27. Suppose u = 2*j + j - 98, 5*j - l = 3*u. Let w = -62 - u. What is the units digit of w?
5
Let s = 864 + -866. What is the units digit of ((-48)/15)/(1390/700 + s)?
4
Suppose 0 = -4*h + y + 17, -6*y + 11*y = 5*h - 40. Let v be h - 22/(-3) - 2/(-3). Let m(c) = 3*c**2 - 15*c + 12. What is the units digit of m(v)?
0
Suppose 4*u = -2*v + 77566, 0 = -v - u + 9654 + 29124. What is the hundreds digit of v?
7
Let h(q) = -q**3 - 8*q**2 - 9*q + 1. Let l be h(-7). Let a be (20/l)/(2/6). Let m(r) = 21*r - 10. What is the units digit of m(a)?
4
Suppose 0*w - 190 = 5*w. Suppose 3*y + 3*d = -2*d + 270, 4*y = 2*d + 386. Let r = w + y. What is the tens digit of r?
5
Let p = 11717 + -6616. What is the thousands digit of p?
5
Let j = -134 - -354. Suppose 17*o - j = 6*o. What is the units digit of (86/(-5))/((-8)/o)?
3
Let a be (42 + -47)*(-82)/10. Let f(k) = 2*k**2 - k + 1. Let z be f(1). Suppose 2*l - l = 2*d - a, -z*l = 10. What is the units digit of d?
8
Suppose 3*b - 7 = -4*z, 66*z + 4 = 64*z - 4*b. Suppose 1373 = -4*a - y + 4203, z*y + 1424 = 2*a. What is the tens digit of a?
0
Suppose h - 713 = -153. Let f = h + 660. What is the thousands digit of f?
1
Let p = -324 + 839. Let f = 27 - 22. Suppose p - 115 = f*n. What is the tens digit of n?
8
Suppose -12 - 95 = 3*k + 5*f, -f - 83 = 2*k. Let g = -29 - k. What is the units digit of ((1 - -2)*-1)/(g/(-10))?
2
Let q be -1 + (6 - (2 + 1 + 1)). Let a = 19 + q. Suppose 0 = a*n - 15*n - 50. What is the tens digit of n?
1
Let z be (315/36 - 8)*(0 + 8616). Suppose 13*h + z = 19*h. What is the units digit of h?
7
Suppose -2*u = 3*p - 8594, u - 805*p + 807*p - 4297 = 0. What is the hundreds digit of u?
2
Let p(x) be the third derivative of x**4/24 + 13*x**3 + x**2 - 12. Suppose -2*l - 138 = -8*l. What is the units digit of p(l)?
1
Let w(o) = o**3 - 43*o**2 - 59*o - 180. What is the hundreds digit of w(51)?
6
Let i(g) = 8*g + 95. Let l be i(7). Suppose 4*p - l = -m - p, -m + 131 = -5*p. What is the units digit of m?
1
Let b(f) = 55*f - 209. Let k be b(10). Suppose 11*j - 3630 = k. What is the tens digit of j?
6
Let r(m) be the second derivative of m**4/12 - 5*m**3/2 + 3*m**2 - 7*m. Let a be r(15). Suppose -w = -a*w + 265. What is the units digit of w?
3
Let u = -536 - -575. What is the units digit of (-6)/u + 17322/39 + 1?
5
Let t(a) = -20*a + 1. Let c be t(-5). Let s(h) = -52*h + 484. Let f be s(8). Suppose d - c = f. What is the hundreds digit of d?
1
Let u(a) = 173*a - 622. What is the units digit of u(19)?
5
Suppose 22*r - 28*r = -121158. Suppose -267 = -22*g + r. What is the tens digit of g?
3
Suppose 756 + 180 = -18*f. What is the units digit of f*(2/17 - 2646/238)?
2
Let r = -24839 + 43387. What is the units digit of r?
8
Let z(o) = o**3 + 12*o**2 + 8*o + 1. Let l be z(-3). Suppose -2*w = -1418 + l. What is the tens digit of w?
8
Let t = -249 - -354. Let r = 106 - t. Suppose -r - 175 = -x. What is the hundreds digit of x?
1
Let f = -8948 + 35200. What is the units digit of f?
2
Let o(i) = 2*i + 73. Let g be o(-33). Suppose -g*v = -3175 - 836. What is the tens digit of v?
7
Let n = -4593 + 6545. Suppose 783 + n = 5*p. What is the tens digit of p?
4
Suppose f + x = -21, 73 + 23 = -5*f + 4*x. What is the units digit of (3 - (-2)/6)*(-330)/f?
5
Let s = 4137 + 3063. What is the tens digit of s?
0
Let v(i) = 5*i**2 + 10*i + 23. Suppose 5*g - 73 = -28. What is the tens digit of v(g)?
1
Suppose 2*q = -454 + 36. Let p = q - -572. What is the units digit of p?
3
Let w be 2/(-4) + ((-3)/(-1))/6. Let t be (w - 1) + -7 + 5 + 5. Suppose 0*k = t*k + 3*r - 134, -k + 5*r = -93. What is the tens digit of k?
7
Let d(a) = a**2 + 4*a + 20. Let s = -3 - -13. Suppose 2*t - s = 8. What is the units digit of d(t)?
7
Suppose -14*n + 280 = -0*n. Suppose n*i - 6995 - 5045 = 0. What is the tens digit of i?
0
Let i be (-2474)/(-6) - (-6 + 2)/(-12). Let c = i + -137. Suppose -3*l = 4*v - c, -219 = -3*v - l + 3*l. What is the units digit of v?
1
Suppose -5*l - 5797 = -302. Let v = l - -1540. What is the tens digit of v?
4
Suppose 4*v = -0*s + 3*s + 773, -4*v - 3*s + 779 = 0. Suppose c = -4*t + 107, -2*c + 16*t - 20*t = -v. What is the tens digit of c?
8
Let g(a) = 3*a - 1. Let p be g(1). Suppose 5*j - 10 = -0, 3*i - 445 = -p*j. Let t = 231 - i. What is the tens digit of t?
8
Suppose 4*s = -0*v - 5*v + 8, 0 = 4*v. Suppose s*j - 992 = -p, p + 20*j - 985 = 25*j. What is the units digit of p?
0
Let n(c) = -c**3 - c. Let l(g) = 6*g**3 + 7*g**2 - 7*g - 20. Let v(i) = l(i) + 5*n(i). What is the units digit of v(9)?
8
Suppose -7*v + 2*x - 59707 = -12*v, -59677 = -5*v + 3*x. What is the tens digit of v?
3
Let t be ((-21)/9)/(-7)*39. Suppose 4*k + 5*h - 92 = 0, 2*h - 62 = 2*k - 5*k. Suppose -t*r - 270 = -k*r. What is the tens digit of r?
5
Suppose 8*l + 14*l - 2860 = 0. What is the hundreds digit of l/(-260)*(-1173 - 1)*1?
5
Let m be 1350 + (-4 - 1) - (-4 + 1). Suppose -41*s + 32641 = -m. What is the units digit of s?
9
Suppose 14 = -11*l - 8. What is the hundreds digit of (l - (-22)/4)/((-15)/(-1530))?
3
Suppose -28*b + 44007 + 18573 = 0. What is the units digit of b?
5
Let w(y) = 2*y**3 - 15*y**2 + 20*y - 